40. What is the remainder when s(42) is divided by 12?
8
Let q be (-4 - (2 + -7))*-10. Calculate the remainder when 132*27/30 - (-8)/q is divided by 30.
28
Let u = 1 + 14. Suppose 4 = 2*r - 6, -5*r = 4*h - 57. Calculate the remainder when u is divided by h.
7
Suppose 214*j - i = 219*j - 78, -5*i = j - 30. Calculate the remainder when 1272 is divided by j.
12
Suppose 0 = -3*a - 3*z + 99 - 54, 9 = -3*z. Let p = 208 - 139. Let n = -3 + p. What is the remainder when n is divided by a?
12
Suppose 85 = 5*s - 2*r, -s + 0*s = 3*r. What is the remainder when 84/s*(34 + -2 + -2) is divided by 13?
12
Suppose -10*q + 2 = -12*q. Let s(u) = -43*u - 3. Calculate the remainder when s(q) is divided by 14 + 0/(-1 + -1).
12
Suppose -2*x - x = 24. Let c = x + 21. Calculate the remainder when c is divided by 7.
6
Suppose -4*c + w + 107 = -c, 5*w - 149 = -4*c. Suppose 0 = -5*r + c + 79. What is the remainder when 66 is divided by r?
20
Let a(s) = -12*s + 7. Calculate the remainder when (-3)/2*(-520)/15 is divided by a(-1).
14
Let u be (3/2)/(11/22). Suppose 4*q + 3*n = 625, -2*q + u*n - 6*n + 305 = 0. Calculate the remainder when q is divided by 55.
50
Suppose 3*w = 4 + 11. Suppose -w*i + 25 = 0, -i - 64 = 4*o - 5*i. Let z = 25 + o. What is the remainder when 25 is divided by z?
11
Let b(l) = -l**3 + 9*l**2 + 12*l - 8. Suppose -5*v + 5*d = -235, -d + 6 - 194 = -4*v. What is the remainder when v is divided by b(10)?
11
Suppose -150 = 4*x + 190. Suppose 5*m = -v - 704 + 9, 0 = 5*m - 3*v + 675. Let r = x - m. Calculate the remainder when r is divided by 14.
11
What is the remainder when 297 is divided by 7 - (1/1 + -6)?
9
Let x be -2*(4/4 + -3). Suppose -w + 5 = -0*w. Suppose b = -2*b + x*k + 115, 4*b - 205 = -w*k. Calculate the remainder when b is divided by 24.
21
Let w = -95 - 46. Let j = w + 251. What is the remainder when j is divided by 37?
36
Let y(c) = -c**3 - 21*c**2 - 37*c + 25. What is the remainder when 14 is divided by y(-19)?
2
Suppose 0 = 4*u + 4, 3*u - u + 5 = -3*r. Calculate the remainder when 70 is divided by (-1 + r)/((-14)/105).
10
Suppose 33*j - 31*j - 58 = 0. What is the remainder when j is divided by 16?
13
Let h = 8 + -1. Suppose 0 = r + 4*i + 289, -2*i = -3*r + 2*i - 899. What is the remainder when r/(-9) + (-2)/2 is divided by h?
4
Let k be 2/4*(7 - -3). Suppose -5*q = -5*s + 6*s - 32, 2*s + k*q - 44 = 0. What is the remainder when 70 is divided by s?
10
Let j = -2 + 8. Let h(x) = -x**3 + 5*x**2 + 8*x + 3. Let t be h(j). Suppose -15 = -5*f + t. What is the remainder when 15 is divided by f?
3
Let u(c) = 155*c + 433. What is the remainder when 400 is divided by u(-2)?
31
Let u(m) = -8*m + 35. Suppose -3*q + 152 = 5*j, -2*j + q = -6*j + 123. What is the remainder when u(-11) is divided by j?
30
Suppose 9 = p - u, -3*u = -2*p + 3*p - 5. Suppose -3*o - 3*o = -18. Calculate the remainder when 188/16 - (-2)/p is divided by o.
0
Let u(s) = -4*s + 2. Let c be 2*(45/(-10) - -4). Calculate the remainder when 10 is divided by u(c).
4
Let g(w) = 2*w - 9. Suppose 12 = 7*d - 5*d. Suppose -26 = -3*x + 5*q, -x + 5*q = 2*q - 10. Calculate the remainder when x is divided by g(d).
1
Let x = -3 + 11. Suppose 12 = -17*i + 18*i + 2*t, 2*i = -t + 15. What is the remainder when x is divided by i?
2
Let x = 24 - 6. Let o(l) = -22*l - 8. What is the remainder when o(-6) is divided by x?
16
Suppose 2*r - 4 = 4*i, 0*r - 3*i = -4*r + 18. Suppose 9 = 5*d - r. What is the remainder when 27 is divided by 2*(-3 - -24)/d?
13
Let w(u) = 3*u + 1. Let i be w(1). Suppose -i*z = -31 + 3. Calculate the remainder when z is divided by (-9)/21 - (-114)/21.
2
Let f(t) = t**3 - 5*t**2 - 4*t + 3. Let i(g) = -2*g**2 + 11*g - 4. Let v be i(4). Suppose -v*n + 118 = -6*n. What is the remainder when n is divided by f(6)?
14
Let d = -30 - -86. What is the remainder when d is divided by 12?
8
Let a = -93 - -137. Calculate the remainder when a is divided by (9/(-5))/((-15)/75).
8
What is the remainder when 61 is divided by 2832/59*2*(-1)/(-6)?
13
Let c(p) = 24*p - 3. What is the remainder when c(11) is divided by 53?
49
Suppose -5*d = 5*i - 65, -4*d = d - 4*i - 101. Calculate the remainder when (-2745)/(-54) + (-20)/24 is divided by d.
16
Suppose 14*l = 9*l + 20. Suppose 2*p - 4*z - 32 = -l, -2*p + z + 37 = 0. What is the remainder when 117 is divided by p?
17
Suppose 12*n + 4*n = 11584. Calculate the remainder when n is divided by 22.
20
Let r(j) = 20*j + 19. Let k be r(-8). Let l = -81 - k. Let c = l + -31. What is the remainder when 56 is divided by c?
27
Suppose -3*o + 3*b - 9 = -7*o, -5*o = -3*b - 18. Suppose -10 = -2*a - 4*h, -o*h - 12 = -2*a - 2. Let q = a - -11. What is the remainder when 46 is divided by q?
14
Suppose -17*s + 231 = 4*s. What is the remainder when 184 is divided by s?
8
Let p be (2/4*2)/((-8)/520). Let b = -54 - p. Calculate the remainder when 43 is divided by b.
10
Suppose 5*n - 4*f - 11 - 9 = 0, -2*f = 10. Calculate the remainder when 17 is divided by (n + -3)*(-2 + -1).
8
Let h(j) = -2*j + 2. Let d = 7 - -3. Let l = -12 + d. What is the remainder when h(l) is divided by 4?
2
Let u = -152 - -239. Suppose -3*j + 5*f + 13 = -19, -5*f - 5 = 0. Calculate the remainder when u is divided by j.
6
Let a(b) = -b**3 + 6*b**2 - 4*b + 1. Let t be a(5). Suppose -3*j + t*g - g = -25, -4*j = 5*g - 80. What is the remainder when j is divided by 10/4*(-8)/(-20)*4?
3
Suppose 192 = 13*t - 302. What is the remainder when t is divided by 6?
2
Let r = 2 + -21. Let w = -408 - -439. Let c = r + w. What is the remainder when c is divided by 5?
2
What is the remainder when 83 is divided by (28/(-35))/((-1)/(16 - 1))?
11
Let s = 190 + -84. Calculate the remainder when s is divided by 6.
4
Suppose 32 = m - 4*w, 8*m - 3*m - 4*w = 96. Suppose -3*c = c - 16, 3*c = 4*r - 8. What is the remainder when m is divided by r?
1
Suppose q = -2*y + 44, 4*q + 4*y + 1 = 193. Suppose -8*v - q = -9*v. Calculate the remainder when 151 is divided by v.
47
Suppose 0 = -38*y + 36*y + 1692. Suppose 28*s + y = 34*s. Calculate the remainder when s is divided by 24.
21
Suppose -5*y + 18 = -2*y. What is the remainder when 23 is divided by 40/y*(-7)/((-70)/12)?
7
Calculate the remainder when (-465)/10*(-4)/6 is divided by 11.
9
Suppose 0 = w + 4, -8*d + 10*d = 2*w + 18. Suppose -s + 0 = -3. What is the remainder when 30 is divided by s/d - 148/(-20)?
6
Suppose 0 = 1870*k - 1879*k + 603. Calculate the remainder when k is divided by 19.
10
Suppose l - 7*l = -138. Let f = -15 + l. What is the remainder when (3/(-1) - 55)/(-2 - 0) is divided by f?
5
Suppose -4*z + 93 = -3*c, -z - c + 10 + 15 = 0. Calculate the remainder when 382 is divided by z.
22
Let o = 1576 + -1524. Calculate the remainder when 154 is divided by o.
50
Let i = 310 - 289. Let t = -12 + 25. Let v = t + i. Calculate the remainder when v is divided by 7.
6
Suppose 1640 = 9*d - 313. Suppose 5*y - 12*y + d = 0. Calculate the remainder when 91 is divided by y.
29
Calculate the remainder when 57 is divided by 3 - -14 - 42/6.
7
Suppose 0 = k + 2*y - 30, -3*k + 98 = 25*y - 21*y. What is the remainder when 414 is divided by k?
34
Let u = 6 - 18. Let k be (-1010)/u - (-16)/(-96). Suppose -57 = -3*f + k. Calculate the remainder when f is divided by 8.
7
Let s be (-3422)/(-3) - (-10)/30. What is the remainder when s/8 - 6/(-16) is divided by 36?
35
Let a(u) = -3*u - 24. Let g(r) = r**3 + 6*r**2 + 4*r - 5. Calculate the remainder when a(-20) is divided by g(-4).
3
Suppose -5*h + 2 = -13. Suppose -t + 2*q = -6, -14 + 5 = -t + h*q. Suppose t + 8 = p. What is the remainder when 29 is divided by p?
5
Let g = 561 + -371. Calculate the remainder when g is divided by 39.
34
Suppose 4*l = 4*a + 172, 5*l - 75 = 3*a + 56. Let j = a + 51. Calculate the remainder when 16 is divided by j.
7
Let p = -217 - -252. Calculate the remainder when p is divided by 12.
11
Suppose 3*i - 5 = 4*w - 0, 0 = 2*i - 4*w - 2. Suppose 65 = 5*u + 2*k, i*k = u + 6 - 2. What is the remainder when 42 is divided by u?
9
Suppose 3*m + 41 = 5*m + 5*b, 73 = 3*m - 4*b. Suppose 0 = -2*v + 2*o + 50 + 4, v = -4*o + 52. Let h = v - -11. Calculate the remainder when h is divided by m.
20
Let g = -23 + 11. Let x(f) = f**3 + 11*f**2 - 14*f + 14. Let r(u) = 2*u**2 - 5*u + 1. What is the remainder when x(g) is divide